{"id":173,"date":"2023-07-05T19:39:22","date_gmt":"2023-07-05T19:39:22","guid":{"rendered":"https:\/\/nver.clinicaegurrola.com.mx\/?page_id=173"},"modified":"2025-07-09T20:02:27","modified_gmt":"2025-07-09T20:02:27","slug":"faciales","status":"publish","type":"page","link":"https:\/\/nver.clinicaegurrola.com.mx\/index.php\/faciales\/","title":{"rendered":"Faciales"},"content":{"rendered":"\n<div class=\"guten-element guten-advanced-heading guten-4vmb7i\"><div class=\"heading-section \"><div class=\"heading-line before\"><\/div><h2 class=\"heading-title\"><span class=\"heading-title\">Recupera la Luminosidad de tu Rostro<\/span><span class=\"heading-focus\"><\/span><\/h2><\/div><span class=\"heading-subtitle\">Los Tratamientos Faciales est\u00e1n indicados para tratar la eliminaci\u00f3n o atenuaci\u00f3n de arrugas y surcos en la cara, las conocidas patas de gallo, conseguir un grado de hidrataci\u00f3n de la piel adecuado, eliminar las manchas, mejorar la flacidez facial, o terminar con lo problemas de acn\u00e9.<\/span><\/div>\n\n\n\n<div class=\"guten-element guten-spacer guten-pWHW9Z\"><\/div>\n\n\n\n<div class=\"section-wrapper\" data-id=\"In38DJ\"><section class=\"wp-block-gutenverse-section guten-element guten-section guten-In38DJ layout-fullwidth align-stretch\"><div class=\"guten-container guten-column-gap-default\">\n<div class=\"wp-block-gutenverse-column guten-element guten-column guten-kSG6Vg animated guten-element-hide desktop-fadeInLeft\"><div class=\"guten-column-wrapper\" data-id=\"kSG6Vg\">\n<div class=\"guten-element guten-spacer guten-eNWcqS\"><\/div>\n<\/div><\/div>\n\n\n\n<div class=\"wp-block-gutenverse-column guten-element guten-column guten-Z2qrIq\"><div class=\"guten-column-wrapper\" data-id=\"Z2qrIq\">\n<div class=\"section-wrapper\" data-id=\"by8B1c\"><section class=\"wp-block-gutenverse-section guten-element guten-section guten-by8B1c layout-boxed align-stretch\"><div class=\"guten-container guten-column-gap-no\">\n<div class=\"wp-block-gutenverse-column guten-element guten-column guten-bRrMFZ\"><div class=\"guten-column-wrapper\" data-id=\"bRrMFZ\">\n<h2 class=\"wp-block-gutenverse-heading guten-element guten-17tZr8 animated guten-element-hide desktop-fadeInRight\">ENCUENTRA EL TRATAMIENTO ADECUADO QUE NECESITAS PARA CUIDAR Y REJUVENECER TU ROSTRO <\/h2>\n\n\n\n<div class=\"guten-element gutenverse-text-editor guten-99Hahq animated guten-element-hide desktop-fadeInRight\"><div class=\"text-content-inner\">\n<h1 class=\"wp-block-gutenverse-heading guten-element guten-WGfw4Z\"><strong>LIMPIEZA FACIAL PROFUNDA<\/strong><br><strong>OBJETIVO : <\/strong>Eliminar los residuos y toxinas acumuladas por medio de vaporizaci\u00f3n. Completando con una mascarilla seg\u00fan tipo de piel.<br>\u00a0<br><strong>NUTRICI\u00d3N FACIAL<\/strong><br><strong>OBJETIVO :<\/strong> Cuando el contenido de l\u00edpidos en la piel es bajo, \u00e9sta se vuelve seca y pierde su elasticidad. La nutrici\u00f3n facial incorpora a la piel una equilibrada mezcla de l\u00edpidos de origen natural, devolvi\u00e9ndole a la misma su tersura original.<br>\u00a0<br><strong>HIDRATACI\u00d3N FACIAL<\/strong><br><strong>OBJETIVO :<\/strong> La piel por debajo del 60% de humedad pierde su elasticidad y se vuelve quebradiza. El tratamiento de hidrataci\u00f3n recupera y asegura el contenido de agua en la piel.<br>\u00a0<br><strong>REAFIRMACI\u00d3N FACIAL<\/strong><br>A trav\u00e9s de la acci\u00f3n del medio ambiente y del transcurso de la vida, disminuyen los valores del col\u00e1geno en la dermis, la piel pierde firmeza y elasticidad. La aplicaci\u00f3n de un tratamiento bas\u00e1ndose en col\u00e1geno, reafirma los tejidos a tratar.<br>\u00a0<br><strong>LIFTIN ELECTRO-COSM\u00c9TICO NEW LIFT<\/strong><br>Modo indoloro que ofrece difuminaci\u00f3n de arrugas. Bioestimulaci\u00f3n cut\u00e1nea, Reducci\u00f3n muscular, enriquecida con c\u00e9lulas frescas de Thymus de cordero.<br>\u00a0<br><strong>MICRODERMOABRACI\u00d3N<\/strong><br>Procedimiento est\u00e9tico de exfoliaci\u00f3n mec\u00e1nica que elimina las capas exteriores de c\u00e9lulas de la piel, a la vez que estimula la regeneraci\u00f3n celular, incrementa la producci\u00f3n de col\u00e1geno y mejora el aspecto y la elasticidad cut\u00e1nea.<br>\u00a0<br><strong>ANTIARRUGAS<\/strong><br>Tratamiento anti-envejecimiento con liposomas y extracto de matriz. Act\u00faa con eficacia frente a los efectos del paso del tiempo. Su acci\u00f3n Bio-molecular sobre las arrugas reduce su profundidad y previene la aparici\u00f3n de las mismas.<br>\u00a0<br><strong>MANCHAS<\/strong><br>La aparici\u00f3n de manchas en la piel es un fen\u00f3meno conocido desde hace tiempo, y es debido, en la mayor\u00eda de los casos a las largas horas de exposici\u00f3n al sol. Dichas manchas son zonas de la piel donde se produce una cantidad de melanina superior a la normal. Nuestro tratamiento bas\u00e1ndose en HIDROQUININA, ampolletas y polvo aclarador, aplicado con IONTOFORESIS devuelve la luminosidad y claridad de la piel.<br>\u00a0<br><strong>TRATAMIENTO PARA EL ACN\u00c9<\/strong><br>El calor, el sudor, la humedad, pueden agravar dram\u00e1ticamente los brotes de Acn\u00e9. Nuestros tratamientos disminuyen el exceso de sebo, teniendo acci\u00f3n queratol\u00edtica y antiseborr\u00e9ica, ayudando en esta forma a un control efectivo. Enriquecido con rayo l\u00e1ser.<br>\u00a0<br><strong>PEELING QU\u00cdMICO<\/strong><br>Tratamiento ideal para combatir en tu rostro las marcas causadas por el acn\u00e9, las manchas solares y las l\u00edneas de expresi\u00f3n.<br><br><strong>ADN DE SALM\u00d3N, EXOSOMAS, TRATAMIENTO DIAMOND LIFT INFUSION, DIAMOND LUMINOUS, COLAGENO 3D, OXIGENO, THE CURE, VIT-C, DESAFIO ANTIEDAD, INHIBIT, TRATAMIENTO DE CUELLO, CARBOXI-EXPRES, LIFTING DE PARPADOS, CEUTICAL, LUXURY, R-GNERIN, AGE DEFENSE, PURIFYING, COENZIMA Q-10, GOJI, INFINITY, OCEAN MIRACLE, NACAR, RETINOL, SKIN SENSATIONS, SHINE STOP, EYE PERFECTION, GENEO, BOEXY, MESOBOOST, DERMATECH, TIMEXPERT IN, TIMEXPERT RIDES NEO AGE, TIMEXPERT SRNS, TIMEXPERT VIT-C RADIANCE, TIMEXPERT WHITE, EXCEL THERAPY O2, LIFTING TIMEXPERT RIDES, HYDRALURONIC, PIGMENT THERAPY, GLYCOCURE, SKIN LIGHT, MULTIVIT GLOW, FOR-MEN, LASER DE CARBONO, HIDRODERMOABRASION, REVERSE, DERMO-REPARADOR, YOGA FACIAL, LUMYXA, ROYAL JELLY, PHYTO RETIN, AL THE BLANCO, ROLLE LIFT, LIFTING DE COLAGENO, MODELADORA, VEGAN COLLAGEN, SENSKIN, CANNABIZ, CELLUMA.<\/strong><\/h1>\n<\/div><\/div>\n<\/div><\/div>\n<\/div><\/section><\/div>\n<\/div><\/div>\n<\/div><\/section><\/div>\n","protected":false},"excerpt":{"rendered":"","protected":false},"author":1,"featured_media":0,"parent":0,"menu_order":0,"comment_status":"closed","ping_status":"closed","template":"","meta":{"_eb_attr":"","footnotes":""},"class_list":["post-173","page","type-page","status-publish","hentry"],"yoast_head":"<!-- This site is optimized with the Yoast SEO plugin v21.0 - https:\/\/yoast.com\/wordpress\/plugins\/seo\/ -->\n<title>Faciales - EGURROLA Cl\u00ednica Cosmetol\u00f3gica<\/title>\n<meta name=\"robots\" content=\"index, follow, max-snippet:-1, max-image-preview:large, max-video-preview:-1\" \/>\n<link rel=\"canonical\" href=\"https:\/\/nver.clinicaegurrola.com.mx\/index.php\/faciales\/\" \/>\n<meta property=\"og:locale\" content=\"es_ES\" \/>\n<meta property=\"og:type\" content=\"article\" \/>\n<meta property=\"og:title\" content=\"Faciales - EGURROLA Cl\u00ednica Cosmetol\u00f3gica\" \/>\n<meta property=\"og:url\" content=\"https:\/\/nver.clinicaegurrola.com.mx\/index.php\/faciales\/\" \/>\n<meta property=\"og:site_name\" content=\"EGURROLA Cl\u00ednica Cosmetol\u00f3gica\" \/>\n<meta property=\"article:modified_time\" content=\"2025-07-09T20:02:27+00:00\" \/>\n<meta name=\"twitter:card\" content=\"summary_large_image\" \/>\n<meta name=\"twitter:label1\" content=\"Tiempo de lectura\" \/>\n\t<meta name=\"twitter:data1\" content=\"3 minutos\" \/>\n<script type=\"application\/ld+json\" class=\"yoast-schema-graph\">{\"@context\":\"https:\/\/schema.org\",\"@graph\":[{\"@type\":\"WebPage\",\"@id\":\"https:\/\/nver.clinicaegurrola.com.mx\/index.php\/faciales\/\",\"url\":\"https:\/\/nver.clinicaegurrola.com.mx\/index.php\/faciales\/\",\"name\":\"Faciales - EGURROLA Cl\u00ednica Cosmetol\u00f3gica\",\"isPartOf\":{\"@id\":\"https:\/\/nver.clinicaegurrola.com.mx\/#website\"},\"datePublished\":\"2023-07-05T19:39:22+00:00\",\"dateModified\":\"2025-07-09T20:02:27+00:00\",\"breadcrumb\":{\"@id\":\"https:\/\/nver.clinicaegurrola.com.mx\/index.php\/faciales\/#breadcrumb\"},\"inLanguage\":\"es\",\"potentialAction\":[{\"@type\":\"ReadAction\",\"target\":[\"https:\/\/nver.clinicaegurrola.com.mx\/index.php\/faciales\/\"]}]},{\"@type\":\"BreadcrumbList\",\"@id\":\"https:\/\/nver.clinicaegurrola.com.mx\/index.php\/faciales\/#breadcrumb\",\"itemListElement\":[{\"@type\":\"ListItem\",\"position\":1,\"name\":\"Portada\",\"item\":\"https:\/\/nver.clinicaegurrola.com.mx\/\"},{\"@type\":\"ListItem\",\"position\":2,\"name\":\"Faciales\"}]},{\"@type\":\"WebSite\",\"@id\":\"https:\/\/nver.clinicaegurrola.com.mx\/#website\",\"url\":\"https:\/\/nver.clinicaegurrola.com.mx\/\",\"name\":\"EGURROLA Cl\u00ednica Cosmetol\u00f3gica\",\"description\":\"\",\"publisher\":{\"@id\":\"https:\/\/nver.clinicaegurrola.com.mx\/#organization\"},\"potentialAction\":[{\"@type\":\"SearchAction\",\"target\":{\"@type\":\"EntryPoint\",\"urlTemplate\":\"https:\/\/nver.clinicaegurrola.com.mx\/?s={search_term_string}\"},\"query-input\":\"required name=search_term_string\"}],\"inLanguage\":\"es\"},{\"@type\":\"Organization\",\"@id\":\"https:\/\/nver.clinicaegurrola.com.mx\/#organization\",\"name\":\"EGURROLA Cl\u00ednica Cosmetol\u00f3gica\",\"url\":\"https:\/\/nver.clinicaegurrola.com.mx\/\",\"logo\":{\"@type\":\"ImageObject\",\"inLanguage\":\"es\",\"@id\":\"https:\/\/nver.clinicaegurrola.com.mx\/#\/schema\/logo\/image\/\",\"url\":\"https:\/\/nver.clinicaegurrola.com.mx\/wp-content\/uploads\/2023\/11\/qr-egurrola.jpg\",\"contentUrl\":\"https:\/\/nver.clinicaegurrola.com.mx\/wp-content\/uploads\/2023\/11\/qr-egurrola.jpg\",\"width\":450,\"height\":450,\"caption\":\"EGURROLA Cl\u00ednica Cosmetol\u00f3gica\"},\"image\":{\"@id\":\"https:\/\/nver.clinicaegurrola.com.mx\/#\/schema\/logo\/image\/\"}}]}<\/script>\n<!-- \/ Yoast SEO plugin. -->","yoast_head_json":{"title":"Faciales - EGURROLA Cl\u00ednica Cosmetol\u00f3gica","robots":{"index":"index","follow":"follow","max-snippet":"max-snippet:-1","max-image-preview":"max-image-preview:large","max-video-preview":"max-video-preview:-1"},"canonical":"https:\/\/nver.clinicaegurrola.com.mx\/index.php\/faciales\/","og_locale":"es_ES","og_type":"article","og_title":"Faciales - EGURROLA Cl\u00ednica Cosmetol\u00f3gica","og_url":"https:\/\/nver.clinicaegurrola.com.mx\/index.php\/faciales\/","og_site_name":"EGURROLA Cl\u00ednica Cosmetol\u00f3gica","article_modified_time":"2025-07-09T20:02:27+00:00","twitter_card":"summary_large_image","twitter_misc":{"Tiempo de lectura":"3 minutos"},"schema":{"@context":"https:\/\/schema.org","@graph":[{"@type":"WebPage","@id":"https:\/\/nver.clinicaegurrola.com.mx\/index.php\/faciales\/","url":"https:\/\/nver.clinicaegurrola.com.mx\/index.php\/faciales\/","name":"Faciales - EGURROLA Cl\u00ednica Cosmetol\u00f3gica","isPartOf":{"@id":"https:\/\/nver.clinicaegurrola.com.mx\/#website"},"datePublished":"2023-07-05T19:39:22+00:00","dateModified":"2025-07-09T20:02:27+00:00","breadcrumb":{"@id":"https:\/\/nver.clinicaegurrola.com.mx\/index.php\/faciales\/#breadcrumb"},"inLanguage":"es","potentialAction":[{"@type":"ReadAction","target":["https:\/\/nver.clinicaegurrola.com.mx\/index.php\/faciales\/"]}]},{"@type":"BreadcrumbList","@id":"https:\/\/nver.clinicaegurrola.com.mx\/index.php\/faciales\/#breadcrumb","itemListElement":[{"@type":"ListItem","position":1,"name":"Portada","item":"https:\/\/nver.clinicaegurrola.com.mx\/"},{"@type":"ListItem","position":2,"name":"Faciales"}]},{"@type":"WebSite","@id":"https:\/\/nver.clinicaegurrola.com.mx\/#website","url":"https:\/\/nver.clinicaegurrola.com.mx\/","name":"EGURROLA Cl\u00ednica Cosmetol\u00f3gica","description":"","publisher":{"@id":"https:\/\/nver.clinicaegurrola.com.mx\/#organization"},"potentialAction":[{"@type":"SearchAction","target":{"@type":"EntryPoint","urlTemplate":"https:\/\/nver.clinicaegurrola.com.mx\/?s={search_term_string}"},"query-input":"required name=search_term_string"}],"inLanguage":"es"},{"@type":"Organization","@id":"https:\/\/nver.clinicaegurrola.com.mx\/#organization","name":"EGURROLA Cl\u00ednica Cosmetol\u00f3gica","url":"https:\/\/nver.clinicaegurrola.com.mx\/","logo":{"@type":"ImageObject","inLanguage":"es","@id":"https:\/\/nver.clinicaegurrola.com.mx\/#\/schema\/logo\/image\/","url":"https:\/\/nver.clinicaegurrola.com.mx\/wp-content\/uploads\/2023\/11\/qr-egurrola.jpg","contentUrl":"https:\/\/nver.clinicaegurrola.com.mx\/wp-content\/uploads\/2023\/11\/qr-egurrola.jpg","width":450,"height":450,"caption":"EGURROLA Cl\u00ednica Cosmetol\u00f3gica"},"image":{"@id":"https:\/\/nver.clinicaegurrola.com.mx\/#\/schema\/logo\/image\/"}}]}},"_links":{"self":[{"href":"https:\/\/nver.clinicaegurrola.com.mx\/index.php\/wp-json\/wp\/v2\/pages\/173","targetHints":{"allow":["GET"]}}],"collection":[{"href":"https:\/\/nver.clinicaegurrola.com.mx\/index.php\/wp-json\/wp\/v2\/pages"}],"about":[{"href":"https:\/\/nver.clinicaegurrola.com.mx\/index.php\/wp-json\/wp\/v2\/types\/page"}],"author":[{"embeddable":true,"href":"https:\/\/nver.clinicaegurrola.com.mx\/index.php\/wp-json\/wp\/v2\/users\/1"}],"replies":[{"embeddable":true,"href":"https:\/\/nver.clinicaegurrola.com.mx\/index.php\/wp-json\/wp\/v2\/comments?post=173"}],"version-history":[{"count":13,"href":"https:\/\/nver.clinicaegurrola.com.mx\/index.php\/wp-json\/wp\/v2\/pages\/173\/revisions"}],"predecessor-version":[{"id":3087,"href":"https:\/\/nver.clinicaegurrola.com.mx\/index.php\/wp-json\/wp\/v2\/pages\/173\/revisions\/3087"}],"wp:attachment":[{"href":"https:\/\/nver.clinicaegurrola.com.mx\/index.php\/wp-json\/wp\/v2\/media?parent=173"}],"curies":[{"name":"wp","href":"https:\/\/api.w.org\/{rel}","templated":true}]}}