{"id":170,"date":"2023-07-05T19:39:05","date_gmt":"2023-07-05T19:39:05","guid":{"rendered":"https:\/\/nver.clinicaegurrola.com.mx\/?page_id=170"},"modified":"2023-08-01T19:09:40","modified_gmt":"2023-08-01T19:09:40","slug":"corporales","status":"publish","type":"page","link":"https:\/\/nver.clinicaegurrola.com.mx\/index.php\/corporales\/","title":{"rendered":"Corporales"},"content":{"rendered":"\n<div class=\"guten-element guten-advanced-heading guten-4vmb7i\"><div class=\"heading-section \"><div class=\"heading-line before\"><\/div><h2 class=\"heading-title\">Cuerpo Est\u00e9tico, Sano y con Energ\u00eda<span class=\"heading-focus\"><\/span><\/h2><\/div><span class=\"heading-subtitle\">Los Tratamientos Corporales son una manera de cuidar tu cuerpo sin cirug\u00eda. Generalmente se opta por esta opci\u00f3n para mejorar la silueta o tratar los problemas de celulitis, adiposidad localizada y flacidez, aunque tambi\u00e9n son la mejor manera de liberar al cuerpo del estr\u00e9s.<\/span><\/div>\n\n\n\n<div class=\"guten-element guten-spacer guten-pWHW9Z\"><\/div>\n\n\n\n<div class=\"section-wrapper\" data-id=\"In38DJ\"><section class=\"wp-block-gutenverse-section guten-element guten-section guten-In38DJ layout-fullwidth align-stretch\"><div class=\"guten-background-overlay\"><\/div><div class=\"guten-shape-divider guten-shape-divider-top\"><\/div><div class=\"guten-shape-divider guten-shape-divider-bottom\"><\/div><div class=\"guten-container guten-column-gap-default\">\n<div class=\"wp-block-gutenverse-column guten-element guten-column guten-kSG6Vg animated guten-element-hide desktop-fadeInLeft\"><div class=\"guten-background-overlay\"><\/div><div class=\"sticky-wrapper\" data-id=\"kSG6Vg\"><div class=\"guten-column-wrapper\">\n<div class=\"guten-element guten-spacer guten-eNWcqS\"><\/div>\n<\/div><\/div><\/div>\n\n\n\n<div class=\"wp-block-gutenverse-column guten-element guten-column guten-Z2qrIq\"><div class=\"guten-background-overlay\"><\/div><div class=\"sticky-wrapper\" data-id=\"Z2qrIq\"><div class=\"guten-column-wrapper\">\n<div class=\"section-wrapper\" data-id=\"by8B1c\"><section class=\"wp-block-gutenverse-section guten-element guten-section guten-by8B1c layout-boxed align-stretch\"><div class=\"guten-background-overlay\"><\/div><div class=\"guten-shape-divider guten-shape-divider-top\"><\/div><div class=\"guten-shape-divider guten-shape-divider-bottom\"><\/div><div class=\"guten-container guten-column-gap-no\">\n<div class=\"wp-block-gutenverse-column guten-element guten-column guten-bRrMFZ\"><div class=\"guten-background-overlay\"><\/div><div class=\"sticky-wrapper\" data-id=\"bRrMFZ\"><div class=\"guten-column-wrapper\">\n<h2 class=\"wp-block-gutenverse-heading guten-element guten-17tZr8 animated guten-element-hide desktop-fadeInRight\">TRATAMIENTOS CORPORALES ESPECIALES PARA TI <\/h2>\n\n\n\n<div class=\"guten-element gutenverse-text-editor guten-99Hahq animated guten-element-hide desktop-fadeInRight\"><div class=\"text-content-inner\">\n<h2 class=\"wp-block-gutenverse-heading guten-element guten-WGfw4Z\"><strong>VENDAS CALIENTES REDUCTIVAS<\/strong><br>El calor penetra a profundidad aumentando la temperatura de la misma, el cuerpo reacciona con un aumento de circulaci\u00f3n sangu\u00ednea aumentando as\u00ed el metabolismo. Por cual logramos una disminuci\u00f3n de medidas en todos los casos. Sus componentes Sales Marinas, Extracto de hiedra y aceites esenciales.<br>&nbsp;<br><strong>VENDAS FRIAS REDUCTIVAS<\/strong><br>Provocan una mayor circulaci\u00f3n sangu\u00ednea al reducir la temperatura a 2 \u00f3 3 grados, lo fr\u00edo sirve para reafirmar los tejidos fl\u00e1cidos, y a la vez los comprime para tener una mayor elasticidad en la piel.<br>&nbsp;<br><strong>MASAJE REDUCTIVO<\/strong><br>Manipulaciones variadas practicadas sobre un organismo, con fines Terap\u00e9uticos o est\u00e9ticos, logrando as\u00ed, la eliminaci\u00f3n de toxinas y adiposidades. Contraindicaciones: Despu\u00e9s de haberse practicado una operaci\u00f3n en v\u00e1rices y heridas.<br>&nbsp;<br><strong>TRATAMIENTO CELULITIS<\/strong><br>La celulitis es una alteraci\u00f3n del tejido conjuntivo y adiposo subcut\u00e1neo, que aparece en el sexo femenino en la tercera d\u00e9cada de la vida. Se localiza en la regi\u00f3n gl\u00fatea, abdominal y otras \u00e1reas. Esto se debe al aumento de grasa subcut\u00e1nea, desequilibrios hormonales, circulaci\u00f3n hipod\u00e9rmica. Nuestros tratamientos son bas\u00e1ndose en CENTELLA ASI\u00c1TICA, IODIOPIASMINA, ESTRACTO DE DUODENO, CAFE\u00cdNA, TEOFILINA.<br>&nbsp;<br><strong>TRATAMIENTO DERMOSONIC<\/strong><br>El m\u00e9todo m\u00e1s eficaz para eliminar la celulitis y devolver el tono corporal. Destinado al tratamiento y eliminaci\u00f3n de las causas circulatorias, mec\u00e1nicas y funcionales que son las responsables de las principales alteraciones.<br>&nbsp;<br><strong>TRATAMIENTOS REAFIRMANTES DE BUSTO<\/strong><br>Los senos, son una de las zonas m\u00e1s delicadas del cuerpo femenino. Juegan un importante papel en el aspecto maternal, psicol\u00f3gico y sexual de la vida de una mujer. Nuestros tratamientos a partir de fibronectina hidrolizada, extracto de polen, insaponificables vegetales, senobiol, y otros componentes, act\u00faan sobre la envoltura de los senos d\u00e1ndoles mayor firmeza.<br>&nbsp;<br><strong>TRATAMIENTO DE ESTRIAS<\/strong><br>Nuestro tratamiento de estr\u00edas, basado en CENTELLA ASI\u00c1TICA, extracto de CALENDULA y ELASTINE. Regenera el tejido cut\u00e1neo logrando mejorar las estr\u00edas existentes y evitando la formaci\u00f3n de otras nuevas.<br>&nbsp;<br><strong>PLACAS REDUCTIVAS<\/strong><br>Las placas reductivas juegan papel muy importante dentro de los tratamientos reductivos, ejerciendo un efecto estimulante, mejorando la circulaci\u00f3n facilitando la eliminaci\u00f3n de grasa y toxinas. Contraindicaciones. Personas que est\u00e9n enfermas del coraz\u00f3n o que tengan marcapasos.<br>&nbsp;<br><strong>SAUNA<\/strong><br>El sauna provoca un relajamiento completo en todo el organismo. Se puede considerar como la perfecta higiene corporal, elimina toxinas del cuerpo. Contraindicaciones. Despu\u00e9s de haber tomado los alimentos.<\/h2>\n<\/div><\/div>\n<\/div><\/div><\/div>\n<\/div><\/section><\/div>\n<\/div><\/div><\/div>\n<\/div><\/section><\/div>\n","protected":false},"excerpt":{"rendered":"","protected":false},"author":1,"featured_media":0,"parent":0,"menu_order":0,"comment_status":"closed","ping_status":"closed","template":"","meta":{"_eb_attr":"","footnotes":""},"class_list":["post-170","page","type-page","status-publish","hentry"],"yoast_head":"<!-- This site is optimized with the Yoast SEO plugin v21.0 - https:\/\/yoast.com\/wordpress\/plugins\/seo\/ -->\n<title>Corporales - EGURROLA Cl\u00ednica Cosmetol\u00f3gica<\/title>\n<meta name=\"robots\" content=\"index, follow, max-snippet:-1, max-image-preview:large, max-video-preview:-1\" \/>\n<link rel=\"canonical\" href=\"https:\/\/nver.clinicaegurrola.com.mx\/index.php\/corporales\/\" \/>\n<meta property=\"og:locale\" content=\"es_ES\" \/>\n<meta property=\"og:type\" content=\"article\" \/>\n<meta property=\"og:title\" content=\"Corporales - EGURROLA Cl\u00ednica Cosmetol\u00f3gica\" \/>\n<meta property=\"og:url\" content=\"https:\/\/nver.clinicaegurrola.com.mx\/index.php\/corporales\/\" \/>\n<meta property=\"og:site_name\" content=\"EGURROLA Cl\u00ednica Cosmetol\u00f3gica\" \/>\n<meta property=\"article:modified_time\" content=\"2023-08-01T19:09:40+00:00\" \/>\n<meta name=\"twitter:card\" content=\"summary_large_image\" \/>\n<meta name=\"twitter:label1\" content=\"Tiempo de lectura\" \/>\n\t<meta name=\"twitter:data1\" content=\"2 minutos\" \/>\n<script type=\"application\/ld+json\" class=\"yoast-schema-graph\">{\"@context\":\"https:\/\/schema.org\",\"@graph\":[{\"@type\":\"WebPage\",\"@id\":\"https:\/\/nver.clinicaegurrola.com.mx\/index.php\/corporales\/\",\"url\":\"https:\/\/nver.clinicaegurrola.com.mx\/index.php\/corporales\/\",\"name\":\"Corporales - EGURROLA Cl\u00ednica Cosmetol\u00f3gica\",\"isPartOf\":{\"@id\":\"https:\/\/nver.clinicaegurrola.com.mx\/#website\"},\"datePublished\":\"2023-07-05T19:39:05+00:00\",\"dateModified\":\"2023-08-01T19:09:40+00:00\",\"breadcrumb\":{\"@id\":\"https:\/\/nver.clinicaegurrola.com.mx\/index.php\/corporales\/#breadcrumb\"},\"inLanguage\":\"es\",\"potentialAction\":[{\"@type\":\"ReadAction\",\"target\":[\"https:\/\/nver.clinicaegurrola.com.mx\/index.php\/corporales\/\"]}]},{\"@type\":\"BreadcrumbList\",\"@id\":\"https:\/\/nver.clinicaegurrola.com.mx\/index.php\/corporales\/#breadcrumb\",\"itemListElement\":[{\"@type\":\"ListItem\",\"position\":1,\"name\":\"Portada\",\"item\":\"https:\/\/nver.clinicaegurrola.com.mx\/\"},{\"@type\":\"ListItem\",\"position\":2,\"name\":\"Corporales\"}]},{\"@type\":\"WebSite\",\"@id\":\"https:\/\/nver.clinicaegurrola.com.mx\/#website\",\"url\":\"https:\/\/nver.clinicaegurrola.com.mx\/\",\"name\":\"EGURROLA Cl\u00ednica Cosmetol\u00f3gica\",\"description\":\"\",\"publisher\":{\"@id\":\"https:\/\/nver.clinicaegurrola.com.mx\/#organization\"},\"potentialAction\":[{\"@type\":\"SearchAction\",\"target\":{\"@type\":\"EntryPoint\",\"urlTemplate\":\"https:\/\/nver.clinicaegurrola.com.mx\/?s={search_term_string}\"},\"query-input\":\"required name=search_term_string\"}],\"inLanguage\":\"es\"},{\"@type\":\"Organization\",\"@id\":\"https:\/\/nver.clinicaegurrola.com.mx\/#organization\",\"name\":\"EGURROLA Cl\u00ednica Cosmetol\u00f3gica\",\"url\":\"https:\/\/nver.clinicaegurrola.com.mx\/\",\"logo\":{\"@type\":\"ImageObject\",\"inLanguage\":\"es\",\"@id\":\"https:\/\/nver.clinicaegurrola.com.mx\/#\/schema\/logo\/image\/\",\"url\":\"https:\/\/nver.clinicaegurrola.com.mx\/wp-content\/uploads\/2023\/11\/qr-egurrola.jpg\",\"contentUrl\":\"https:\/\/nver.clinicaegurrola.com.mx\/wp-content\/uploads\/2023\/11\/qr-egurrola.jpg\",\"width\":450,\"height\":450,\"caption\":\"EGURROLA Cl\u00ednica Cosmetol\u00f3gica\"},\"image\":{\"@id\":\"https:\/\/nver.clinicaegurrola.com.mx\/#\/schema\/logo\/image\/\"}}]}<\/script>\n<!-- \/ Yoast SEO plugin. -->","yoast_head_json":{"title":"Corporales - EGURROLA Cl\u00ednica Cosmetol\u00f3gica","robots":{"index":"index","follow":"follow","max-snippet":"max-snippet:-1","max-image-preview":"max-image-preview:large","max-video-preview":"max-video-preview:-1"},"canonical":"https:\/\/nver.clinicaegurrola.com.mx\/index.php\/corporales\/","og_locale":"es_ES","og_type":"article","og_title":"Corporales - EGURROLA Cl\u00ednica Cosmetol\u00f3gica","og_url":"https:\/\/nver.clinicaegurrola.com.mx\/index.php\/corporales\/","og_site_name":"EGURROLA Cl\u00ednica Cosmetol\u00f3gica","article_modified_time":"2023-08-01T19:09:40+00:00","twitter_card":"summary_large_image","twitter_misc":{"Tiempo de lectura":"2 minutos"},"schema":{"@context":"https:\/\/schema.org","@graph":[{"@type":"WebPage","@id":"https:\/\/nver.clinicaegurrola.com.mx\/index.php\/corporales\/","url":"https:\/\/nver.clinicaegurrola.com.mx\/index.php\/corporales\/","name":"Corporales - EGURROLA Cl\u00ednica Cosmetol\u00f3gica","isPartOf":{"@id":"https:\/\/nver.clinicaegurrola.com.mx\/#website"},"datePublished":"2023-07-05T19:39:05+00:00","dateModified":"2023-08-01T19:09:40+00:00","breadcrumb":{"@id":"https:\/\/nver.clinicaegurrola.com.mx\/index.php\/corporales\/#breadcrumb"},"inLanguage":"es","potentialAction":[{"@type":"ReadAction","target":["https:\/\/nver.clinicaegurrola.com.mx\/index.php\/corporales\/"]}]},{"@type":"BreadcrumbList","@id":"https:\/\/nver.clinicaegurrola.com.mx\/index.php\/corporales\/#breadcrumb","itemListElement":[{"@type":"ListItem","position":1,"name":"Portada","item":"https:\/\/nver.clinicaegurrola.com.mx\/"},{"@type":"ListItem","position":2,"name":"Corporales"}]},{"@type":"WebSite","@id":"https:\/\/nver.clinicaegurrola.com.mx\/#website","url":"https:\/\/nver.clinicaegurrola.com.mx\/","name":"EGURROLA Cl\u00ednica Cosmetol\u00f3gica","description":"","publisher":{"@id":"https:\/\/nver.clinicaegurrola.com.mx\/#organization"},"potentialAction":[{"@type":"SearchAction","target":{"@type":"EntryPoint","urlTemplate":"https:\/\/nver.clinicaegurrola.com.mx\/?s={search_term_string}"},"query-input":"required name=search_term_string"}],"inLanguage":"es"},{"@type":"Organization","@id":"https:\/\/nver.clinicaegurrola.com.mx\/#organization","name":"EGURROLA Cl\u00ednica Cosmetol\u00f3gica","url":"https:\/\/nver.clinicaegurrola.com.mx\/","logo":{"@type":"ImageObject","inLanguage":"es","@id":"https:\/\/nver.clinicaegurrola.com.mx\/#\/schema\/logo\/image\/","url":"https:\/\/nver.clinicaegurrola.com.mx\/wp-content\/uploads\/2023\/11\/qr-egurrola.jpg","contentUrl":"https:\/\/nver.clinicaegurrola.com.mx\/wp-content\/uploads\/2023\/11\/qr-egurrola.jpg","width":450,"height":450,"caption":"EGURROLA Cl\u00ednica Cosmetol\u00f3gica"},"image":{"@id":"https:\/\/nver.clinicaegurrola.com.mx\/#\/schema\/logo\/image\/"}}]}},"_links":{"self":[{"href":"https:\/\/nver.clinicaegurrola.com.mx\/index.php\/wp-json\/wp\/v2\/pages\/170","targetHints":{"allow":["GET"]}}],"collection":[{"href":"https:\/\/nver.clinicaegurrola.com.mx\/index.php\/wp-json\/wp\/v2\/pages"}],"about":[{"href":"https:\/\/nver.clinicaegurrola.com.mx\/index.php\/wp-json\/wp\/v2\/types\/page"}],"author":[{"embeddable":true,"href":"https:\/\/nver.clinicaegurrola.com.mx\/index.php\/wp-json\/wp\/v2\/users\/1"}],"replies":[{"embeddable":true,"href":"https:\/\/nver.clinicaegurrola.com.mx\/index.php\/wp-json\/wp\/v2\/comments?post=170"}],"version-history":[{"count":73,"href":"https:\/\/nver.clinicaegurrola.com.mx\/index.php\/wp-json\/wp\/v2\/pages\/170\/revisions"}],"predecessor-version":[{"id":1121,"href":"https:\/\/nver.clinicaegurrola.com.mx\/index.php\/wp-json\/wp\/v2\/pages\/170\/revisions\/1121"}],"wp:attachment":[{"href":"https:\/\/nver.clinicaegurrola.com.mx\/index.php\/wp-json\/wp\/v2\/media?parent=170"}],"curies":[{"name":"wp","href":"https:\/\/api.w.org\/{rel}","templated":true}]}}