{"id":167,"date":"2023-07-05T19:38:42","date_gmt":"2023-07-05T19:38:42","guid":{"rendered":"https:\/\/nver.clinicaegurrola.com.mx\/?page_id=167"},"modified":"2025-05-05T21:01:08","modified_gmt":"2025-05-05T21:01:08","slug":"promociones","status":"publish","type":"page","link":"https:\/\/nver.clinicaegurrola.com.mx\/index.php\/promociones\/","title":{"rendered":"Promociones"},"content":{"rendered":"\n<div class=\"section-wrapper\" data-id=\"VNDX9i\"><section class=\"wp-block-gutenverse-section guten-element guten-section guten-VNDX9i layout-boxed align-stretch\"><div class=\"guten-container guten-column-gap-no\">\n<div class=\"wp-block-gutenverse-column guten-element guten-column guten-lUosFd\"><div class=\"guten-column-wrapper\" data-id=\"lUosFd\">\n<div class=\"section-wrapper\" data-id=\"vREjfm\"><section class=\"wp-block-gutenverse-section guten-element guten-section guten-vREjfm layout-boxed align-stretch\"><div class=\"guten-container guten-column-gap-no\">\n<div class=\"wp-block-gutenverse-column guten-element guten-column guten-BF3LUn\"><div class=\"guten-column-wrapper\" data-id=\"BF3LUn\">\n<p class=\"has-black-color has-text-color has-primary-font-family has-large-font-size\">Para m\u00e1s informaci\u00f3n de nuestras promociones comun\u00edquese a nuestro<\/p>\n<\/div><\/div>\n\n\n\n<div class=\"wp-block-gutenverse-column guten-element guten-column guten-3XBNDp\"><div class=\"guten-column-wrapper\" data-id=\"3XBNDp\">\n<div class=\"guten-element guten-button-wrapper guten-2Xmz0S\"><a class=\"guten-button guten-button-sm\" href=\"https:\/\/api.whatsapp.com\/send?phone=9932056342\" target=\"_blank\" rel=\"noreferrer noopener\"><span>WHATSAPP<\/span><\/a><\/div>\n<\/div><\/div>\n<\/div><\/section><\/div>\n<\/div><\/div>\n<\/div><\/section><\/div>\n\n\n\n<div class=\"wp-block-gutenverse-divider guten-element guten-divider guten-VoDql3\"><div class=\"guten-divider-wrapper\"><div class=\"guten-divider-dotted guten-divider-line guten-divider-regular\"><\/div><\/div><\/div>\n\n\n\n<div class=\"section-wrapper\" data-id=\"TMZmBp\"><section class=\"wp-block-gutenverse-section guten-element guten-section guten-TMZmBp layout-boxed align-stretch\"><div class=\"guten-container guten-column-gap-default\">\n<div class=\"wp-block-gutenverse-column guten-element guten-column guten-gVlohZ\"><div class=\"guten-column-wrapper\" data-id=\"gVlohZ\">\n<figure class=\"wp-block-image size-full is-resized has-custom-border is-style-rounded\"><img fetchpriority=\"high\" decoding=\"async\" width=\"996\" height=\"993\" src=\"https:\/\/nver.clinicaegurrola.com.mx\/wp-content\/uploads\/2025\/01\/p-lunes-1.jpg\" alt=\"\" class=\"wp-image-3052\" style=\"border-style:none;border-width:0px;border-radius:10px;object-fit:cover;width:400px;height:399px\" srcset=\"https:\/\/nver.clinicaegurrola.com.mx\/wp-content\/uploads\/2025\/01\/p-lunes-1.jpg 996w, https:\/\/nver.clinicaegurrola.com.mx\/wp-content\/uploads\/2025\/01\/p-lunes-1-300x300.jpg 300w, https:\/\/nver.clinicaegurrola.com.mx\/wp-content\/uploads\/2025\/01\/p-lunes-1-150x150.jpg 150w, https:\/\/nver.clinicaegurrola.com.mx\/wp-content\/uploads\/2025\/01\/p-lunes-1-768x766.jpg 768w\" sizes=\"(max-width: 996px) 100vw, 996px\" \/><\/figure>\n<\/div><\/div>\n\n\n\n<div class=\"wp-block-gutenverse-column guten-element guten-column guten-Rq57hm\"><div class=\"guten-column-wrapper\" data-id=\"Rq57hm\">\n<figure class=\"wp-block-image size-full is-resized has-custom-border\"><img decoding=\"async\" width=\"996\" height=\"993\" src=\"https:\/\/nver.clinicaegurrola.com.mx\/wp-content\/uploads\/2025\/01\/p-martes-1.jpg\" alt=\"\" class=\"wp-image-3053\" style=\"border-radius:10px;object-fit:cover;width:400px;height:399px\" srcset=\"https:\/\/nver.clinicaegurrola.com.mx\/wp-content\/uploads\/2025\/01\/p-martes-1.jpg 996w, https:\/\/nver.clinicaegurrola.com.mx\/wp-content\/uploads\/2025\/01\/p-martes-1-300x300.jpg 300w, https:\/\/nver.clinicaegurrola.com.mx\/wp-content\/uploads\/2025\/01\/p-martes-1-150x150.jpg 150w, https:\/\/nver.clinicaegurrola.com.mx\/wp-content\/uploads\/2025\/01\/p-martes-1-768x766.jpg 768w\" sizes=\"(max-width: 996px) 100vw, 996px\" \/><\/figure>\n<\/div><\/div>\n<\/div><\/section><\/div>\n\n\n\n<div class=\"section-wrapper\" data-id=\"tYXLcP\"><section class=\"wp-block-gutenverse-section guten-element guten-section guten-tYXLcP layout-boxed align-stretch\"><div class=\"guten-container guten-column-gap-default\">\n<div class=\"wp-block-gutenverse-column guten-element guten-column guten-tWwBk4\"><div class=\"guten-column-wrapper\" data-id=\"tWwBk4\">\n<figure class=\"wp-block-image size-full is-resized\"><img decoding=\"async\" width=\"996\" height=\"993\" src=\"https:\/\/nver.clinicaegurrola.com.mx\/wp-content\/uploads\/2025\/01\/p-m1.jpg\" alt=\"\" class=\"wp-image-3055\" style=\"object-fit:cover;width:400px;height:399px\" srcset=\"https:\/\/nver.clinicaegurrola.com.mx\/wp-content\/uploads\/2025\/01\/p-m1.jpg 996w, https:\/\/nver.clinicaegurrola.com.mx\/wp-content\/uploads\/2025\/01\/p-m1-300x300.jpg 300w, https:\/\/nver.clinicaegurrola.com.mx\/wp-content\/uploads\/2025\/01\/p-m1-150x150.jpg 150w, https:\/\/nver.clinicaegurrola.com.mx\/wp-content\/uploads\/2025\/01\/p-m1-768x766.jpg 768w\" sizes=\"(max-width: 996px) 100vw, 996px\" \/><\/figure>\n<\/div><\/div>\n\n\n\n<div class=\"wp-block-gutenverse-column guten-element guten-column guten-zEvxOp\"><div class=\"guten-column-wrapper\" data-id=\"zEvxOp\">\n<figure class=\"wp-block-image size-full is-resized has-custom-border\"><img loading=\"lazy\" decoding=\"async\" width=\"996\" height=\"993\" src=\"https:\/\/nver.clinicaegurrola.com.mx\/wp-content\/uploads\/2025\/01\/p-m2.jpg\" alt=\"\" class=\"wp-image-3056\" style=\"border-radius:10px;object-fit:cover;width:400px;height:399px\" srcset=\"https:\/\/nver.clinicaegurrola.com.mx\/wp-content\/uploads\/2025\/01\/p-m2.jpg 996w, https:\/\/nver.clinicaegurrola.com.mx\/wp-content\/uploads\/2025\/01\/p-m2-300x300.jpg 300w, https:\/\/nver.clinicaegurrola.com.mx\/wp-content\/uploads\/2025\/01\/p-m2-150x150.jpg 150w, https:\/\/nver.clinicaegurrola.com.mx\/wp-content\/uploads\/2025\/01\/p-m2-768x766.jpg 768w\" sizes=\"(max-width: 996px) 100vw, 996px\" \/><\/figure>\n<\/div><\/div>\n<\/div><\/section><\/div>\n\n\n\n<div class=\"section-wrapper\" data-id=\"DRui2A\"><section class=\"wp-block-gutenverse-section guten-element guten-section guten-DRui2A layout-boxed align-stretch\"><div class=\"guten-container guten-column-gap-default\">\n<div class=\"wp-block-gutenverse-column guten-element guten-column guten-VH0L6g\"><div class=\"guten-column-wrapper\" data-id=\"VH0L6g\">\n<figure class=\"wp-block-image size-full is-resized has-custom-border is-style-rounded\"><img loading=\"lazy\" decoding=\"async\" width=\"996\" height=\"993\" src=\"https:\/\/nver.clinicaegurrola.com.mx\/wp-content\/uploads\/2025\/01\/p-jueves-1.jpg\" alt=\"\" class=\"wp-image-3057\" style=\"border-style:none;border-width:0px;border-radius:10px;object-fit:cover;width:400px;height:399px\" srcset=\"https:\/\/nver.clinicaegurrola.com.mx\/wp-content\/uploads\/2025\/01\/p-jueves-1.jpg 996w, https:\/\/nver.clinicaegurrola.com.mx\/wp-content\/uploads\/2025\/01\/p-jueves-1-300x300.jpg 300w, https:\/\/nver.clinicaegurrola.com.mx\/wp-content\/uploads\/2025\/01\/p-jueves-1-150x150.jpg 150w, https:\/\/nver.clinicaegurrola.com.mx\/wp-content\/uploads\/2025\/01\/p-jueves-1-768x766.jpg 768w\" sizes=\"(max-width: 996px) 100vw, 996px\" \/><\/figure>\n<\/div><\/div>\n\n\n\n<div class=\"wp-block-gutenverse-column guten-element guten-column guten-qcZyXu\"><div class=\"guten-column-wrapper\" data-id=\"qcZyXu\">\n<figure class=\"wp-block-image size-full is-resized has-custom-border\"><img loading=\"lazy\" decoding=\"async\" width=\"996\" height=\"993\" src=\"https:\/\/nver.clinicaegurrola.com.mx\/wp-content\/uploads\/2025\/01\/p-v1.jpg\" alt=\"\" class=\"wp-image-3058\" style=\"border-radius:10px;object-fit:cover;width:400px;height:399px\" srcset=\"https:\/\/nver.clinicaegurrola.com.mx\/wp-content\/uploads\/2025\/01\/p-v1.jpg 996w, https:\/\/nver.clinicaegurrola.com.mx\/wp-content\/uploads\/2025\/01\/p-v1-300x300.jpg 300w, https:\/\/nver.clinicaegurrola.com.mx\/wp-content\/uploads\/2025\/01\/p-v1-150x150.jpg 150w, https:\/\/nver.clinicaegurrola.com.mx\/wp-content\/uploads\/2025\/01\/p-v1-768x766.jpg 768w\" sizes=\"(max-width: 996px) 100vw, 996px\" \/><\/figure>\n<\/div><\/div>\n<\/div><\/section><\/div>\n\n\n\n<div class=\"section-wrapper\" data-id=\"UwI1II\"><section class=\"wp-block-gutenverse-section guten-element guten-section guten-UwI1II layout-boxed align-stretch\"><div class=\"guten-container guten-column-gap-default\">\n<div class=\"wp-block-gutenverse-column guten-element guten-column guten-blubmM\"><div class=\"guten-column-wrapper\" data-id=\"blubmM\">\n<figure class=\"wp-block-image size-full is-resized has-custom-border is-style-rounded\"><img loading=\"lazy\" decoding=\"async\" width=\"996\" height=\"993\" src=\"https:\/\/nver.clinicaegurrola.com.mx\/wp-content\/uploads\/2025\/01\/p-v2.jpg\" alt=\"\" class=\"wp-image-3059\" style=\"border-style:none;border-width:0px;border-radius:10px;object-fit:cover;width:400px;height:399px\" srcset=\"https:\/\/nver.clinicaegurrola.com.mx\/wp-content\/uploads\/2025\/01\/p-v2.jpg 996w, https:\/\/nver.clinicaegurrola.com.mx\/wp-content\/uploads\/2025\/01\/p-v2-300x300.jpg 300w, https:\/\/nver.clinicaegurrola.com.mx\/wp-content\/uploads\/2025\/01\/p-v2-150x150.jpg 150w, https:\/\/nver.clinicaegurrola.com.mx\/wp-content\/uploads\/2025\/01\/p-v2-768x766.jpg 768w\" sizes=\"(max-width: 996px) 100vw, 996px\" \/><\/figure>\n<\/div><\/div>\n\n\n\n<div class=\"wp-block-gutenverse-column guten-element guten-column guten-mPX6FE\"><div class=\"guten-column-wrapper\" data-id=\"mPX6FE\">\n<figure class=\"wp-block-image size-full is-resized has-custom-border\"><img loading=\"lazy\" decoding=\"async\" width=\"996\" height=\"993\" src=\"https:\/\/nver.clinicaegurrola.com.mx\/wp-content\/uploads\/2025\/03\/duo1.jpg\" alt=\"\" class=\"wp-image-3069\" style=\"border-radius:10px;object-fit:cover;width:400px;height:399px\" srcset=\"https:\/\/nver.clinicaegurrola.com.mx\/wp-content\/uploads\/2025\/03\/duo1.jpg 996w, https:\/\/nver.clinicaegurrola.com.mx\/wp-content\/uploads\/2025\/03\/duo1-300x300.jpg 300w, https:\/\/nver.clinicaegurrola.com.mx\/wp-content\/uploads\/2025\/03\/duo1-150x150.jpg 150w, https:\/\/nver.clinicaegurrola.com.mx\/wp-content\/uploads\/2025\/03\/duo1-768x766.jpg 768w\" sizes=\"(max-width: 996px) 100vw, 996px\" \/><\/figure>\n<\/div><\/div>\n<\/div><\/section><\/div>\n\n\n\n<div class=\"section-wrapper\" data-id=\"qq6ARF\"><section class=\"wp-block-gutenverse-section guten-element guten-section guten-qq6ARF layout-boxed align-stretch\"><div class=\"guten-container guten-column-gap-default\">\n<div class=\"wp-block-gutenverse-column guten-element guten-column guten-xDSzFl\"><div class=\"guten-column-wrapper\" data-id=\"xDSzFl\">\n<figure class=\"wp-block-image size-full is-resized has-custom-border is-style-rounded\"><img loading=\"lazy\" decoding=\"async\" width=\"996\" height=\"993\" src=\"https:\/\/nver.clinicaegurrola.com.mx\/wp-content\/uploads\/2025\/03\/duo2.jpg\" alt=\"\" class=\"wp-image-3070\" style=\"border-style:none;border-width:0px;border-radius:10px;object-fit:cover;width:400px;height:399px\" srcset=\"https:\/\/nver.clinicaegurrola.com.mx\/wp-content\/uploads\/2025\/03\/duo2.jpg 996w, https:\/\/nver.clinicaegurrola.com.mx\/wp-content\/uploads\/2025\/03\/duo2-300x300.jpg 300w, https:\/\/nver.clinicaegurrola.com.mx\/wp-content\/uploads\/2025\/03\/duo2-150x150.jpg 150w, https:\/\/nver.clinicaegurrola.com.mx\/wp-content\/uploads\/2025\/03\/duo2-768x766.jpg 768w\" sizes=\"(max-width: 996px) 100vw, 996px\" \/><\/figure>\n<\/div><\/div>\n\n\n\n<div class=\"wp-block-gutenverse-column guten-element guten-column guten-gch3CC\"><div class=\"guten-column-wrapper\" data-id=\"gch3CC\">\n<figure class=\"wp-block-image size-full is-resized has-custom-border\"><img loading=\"lazy\" decoding=\"async\" width=\"996\" height=\"993\" src=\"https:\/\/nver.clinicaegurrola.com.mx\/wp-content\/uploads\/2025\/03\/duo3.jpg\" alt=\"\" class=\"wp-image-3072\" style=\"border-radius:10px;object-fit:cover;width:400px;height:399px\" srcset=\"https:\/\/nver.clinicaegurrola.com.mx\/wp-content\/uploads\/2025\/03\/duo3.jpg 996w, https:\/\/nver.clinicaegurrola.com.mx\/wp-content\/uploads\/2025\/03\/duo3-300x300.jpg 300w, https:\/\/nver.clinicaegurrola.com.mx\/wp-content\/uploads\/2025\/03\/duo3-150x150.jpg 150w, https:\/\/nver.clinicaegurrola.com.mx\/wp-content\/uploads\/2025\/03\/duo3-768x766.jpg 768w\" sizes=\"(max-width: 996px) 100vw, 996px\" \/><\/figure>\n<\/div><\/div>\n<\/div><\/section><\/div>\n\n\n\n<div class=\"section-wrapper\" data-id=\"aLkQgZ\"><section class=\"wp-block-gutenverse-section guten-element guten-section guten-aLkQgZ layout-boxed align-stretch\"><div class=\"guten-container guten-column-gap-default\">\n<div class=\"wp-block-gutenverse-column guten-element guten-column guten-DDJntx\"><div class=\"guten-column-wrapper\" data-id=\"DDJntx\">\n<figure class=\"wp-block-image size-full is-resized has-custom-border is-style-rounded\"><img loading=\"lazy\" decoding=\"async\" width=\"996\" height=\"993\" src=\"https:\/\/nver.clinicaegurrola.com.mx\/wp-content\/uploads\/2025\/05\/PROMO-mom.jpg\" alt=\"\" class=\"wp-image-3079\" style=\"border-style:none;border-width:0px;border-radius:10px;object-fit:cover;width:400px;height:399px\" srcset=\"https:\/\/nver.clinicaegurrola.com.mx\/wp-content\/uploads\/2025\/05\/PROMO-mom.jpg 996w, https:\/\/nver.clinicaegurrola.com.mx\/wp-content\/uploads\/2025\/05\/PROMO-mom-300x300.jpg 300w, https:\/\/nver.clinicaegurrola.com.mx\/wp-content\/uploads\/2025\/05\/PROMO-mom-150x150.jpg 150w, https:\/\/nver.clinicaegurrola.com.mx\/wp-content\/uploads\/2025\/05\/PROMO-mom-768x766.jpg 768w\" sizes=\"(max-width: 996px) 100vw, 996px\" \/><\/figure>\n<\/div><\/div>\n\n\n\n<div class=\"wp-block-gutenverse-column guten-element guten-column guten-huT6RP\"><div class=\"guten-column-wrapper\" data-id=\"huT6RP\">\n<figure class=\"wp-block-image size-full is-resized has-custom-border\"><img loading=\"lazy\" decoding=\"async\" width=\"996\" height=\"993\" src=\"https:\/\/nver.clinicaegurrola.com.mx\/wp-content\/uploads\/2025\/05\/PROMO-MAYO-1.jpg\" alt=\"\" class=\"wp-image-3082\" style=\"border-radius:10px;object-fit:cover;width:400px;height:399px\" srcset=\"https:\/\/nver.clinicaegurrola.com.mx\/wp-content\/uploads\/2025\/05\/PROMO-MAYO-1.jpg 996w, https:\/\/nver.clinicaegurrola.com.mx\/wp-content\/uploads\/2025\/05\/PROMO-MAYO-1-300x300.jpg 300w, https:\/\/nver.clinicaegurrola.com.mx\/wp-content\/uploads\/2025\/05\/PROMO-MAYO-1-150x150.jpg 150w, https:\/\/nver.clinicaegurrola.com.mx\/wp-content\/uploads\/2025\/05\/PROMO-MAYO-1-768x766.jpg 768w\" sizes=\"(max-width: 996px) 100vw, 996px\" \/><\/figure>\n<\/div><\/div>\n<\/div><\/section><\/div>\n","protected":false},"excerpt":{"rendered":"","protected":false},"author":1,"featured_media":0,"parent":0,"menu_order":0,"comment_status":"closed","ping_status":"closed","template":"","meta":{"_eb_attr":"","footnotes":""},"class_list":["post-167","page","type-page","status-publish","hentry"],"yoast_head":"<!-- This site is optimized with the Yoast SEO plugin v21.0 - https:\/\/yoast.com\/wordpress\/plugins\/seo\/ -->\n<title>Promociones - EGURROLA Cl\u00ednica Cosmetol\u00f3gica<\/title>\n<meta name=\"robots\" content=\"index, follow, max-snippet:-1, max-image-preview:large, max-video-preview:-1\" \/>\n<link rel=\"canonical\" href=\"https:\/\/nver.clinicaegurrola.com.mx\/index.php\/promociones\/\" \/>\n<meta property=\"og:locale\" content=\"es_ES\" \/>\n<meta property=\"og:type\" content=\"article\" \/>\n<meta property=\"og:title\" content=\"Promociones - EGURROLA Cl\u00ednica Cosmetol\u00f3gica\" \/>\n<meta property=\"og:url\" content=\"https:\/\/nver.clinicaegurrola.com.mx\/index.php\/promociones\/\" \/>\n<meta property=\"og:site_name\" content=\"EGURROLA Cl\u00ednica Cosmetol\u00f3gica\" \/>\n<meta property=\"article:modified_time\" content=\"2025-05-05T21:01:08+00:00\" \/>\n<meta property=\"og:image\" content=\"https:\/\/nver.clinicaegurrola.com.mx\/wp-content\/uploads\/2025\/01\/p-lunes-1.jpg\" \/>\n<meta name=\"twitter:card\" content=\"summary_large_image\" \/>\n<meta name=\"twitter:label1\" content=\"Tiempo de lectura\" \/>\n\t<meta name=\"twitter:data1\" content=\"3 minutos\" \/>\n<script type=\"application\/ld+json\" class=\"yoast-schema-graph\">{\"@context\":\"https:\/\/schema.org\",\"@graph\":[{\"@type\":\"WebPage\",\"@id\":\"https:\/\/nver.clinicaegurrola.com.mx\/index.php\/promociones\/\",\"url\":\"https:\/\/nver.clinicaegurrola.com.mx\/index.php\/promociones\/\",\"name\":\"Promociones - EGURROLA Cl\u00ednica Cosmetol\u00f3gica\",\"isPartOf\":{\"@id\":\"https:\/\/nver.clinicaegurrola.com.mx\/#website\"},\"datePublished\":\"2023-07-05T19:38:42+00:00\",\"dateModified\":\"2025-05-05T21:01:08+00:00\",\"breadcrumb\":{\"@id\":\"https:\/\/nver.clinicaegurrola.com.mx\/index.php\/promociones\/#breadcrumb\"},\"inLanguage\":\"es\",\"potentialAction\":[{\"@type\":\"ReadAction\",\"target\":[\"https:\/\/nver.clinicaegurrola.com.mx\/index.php\/promociones\/\"]}]},{\"@type\":\"BreadcrumbList\",\"@id\":\"https:\/\/nver.clinicaegurrola.com.mx\/index.php\/promociones\/#breadcrumb\",\"itemListElement\":[{\"@type\":\"ListItem\",\"position\":1,\"name\":\"Portada\",\"item\":\"https:\/\/nver.clinicaegurrola.com.mx\/\"},{\"@type\":\"ListItem\",\"position\":2,\"name\":\"Promociones\"}]},{\"@type\":\"WebSite\",\"@id\":\"https:\/\/nver.clinicaegurrola.com.mx\/#website\",\"url\":\"https:\/\/nver.clinicaegurrola.com.mx\/\",\"name\":\"EGURROLA Cl\u00ednica Cosmetol\u00f3gica\",\"description\":\"\",\"publisher\":{\"@id\":\"https:\/\/nver.clinicaegurrola.com.mx\/#organization\"},\"potentialAction\":[{\"@type\":\"SearchAction\",\"target\":{\"@type\":\"EntryPoint\",\"urlTemplate\":\"https:\/\/nver.clinicaegurrola.com.mx\/?s={search_term_string}\"},\"query-input\":\"required name=search_term_string\"}],\"inLanguage\":\"es\"},{\"@type\":\"Organization\",\"@id\":\"https:\/\/nver.clinicaegurrola.com.mx\/#organization\",\"name\":\"EGURROLA Cl\u00ednica Cosmetol\u00f3gica\",\"url\":\"https:\/\/nver.clinicaegurrola.com.mx\/\",\"logo\":{\"@type\":\"ImageObject\",\"inLanguage\":\"es\",\"@id\":\"https:\/\/nver.clinicaegurrola.com.mx\/#\/schema\/logo\/image\/\",\"url\":\"https:\/\/nver.clinicaegurrola.com.mx\/wp-content\/uploads\/2023\/11\/qr-egurrola.jpg\",\"contentUrl\":\"https:\/\/nver.clinicaegurrola.com.mx\/wp-content\/uploads\/2023\/11\/qr-egurrola.jpg\",\"width\":450,\"height\":450,\"caption\":\"EGURROLA Cl\u00ednica Cosmetol\u00f3gica\"},\"image\":{\"@id\":\"https:\/\/nver.clinicaegurrola.com.mx\/#\/schema\/logo\/image\/\"}}]}<\/script>\n<!-- \/ Yoast SEO plugin. -->","yoast_head_json":{"title":"Promociones - EGURROLA Cl\u00ednica Cosmetol\u00f3gica","robots":{"index":"index","follow":"follow","max-snippet":"max-snippet:-1","max-image-preview":"max-image-preview:large","max-video-preview":"max-video-preview:-1"},"canonical":"https:\/\/nver.clinicaegurrola.com.mx\/index.php\/promociones\/","og_locale":"es_ES","og_type":"article","og_title":"Promociones - EGURROLA Cl\u00ednica Cosmetol\u00f3gica","og_url":"https:\/\/nver.clinicaegurrola.com.mx\/index.php\/promociones\/","og_site_name":"EGURROLA Cl\u00ednica Cosmetol\u00f3gica","article_modified_time":"2025-05-05T21:01:08+00:00","og_image":[{"url":"https:\/\/nver.clinicaegurrola.com.mx\/wp-content\/uploads\/2025\/01\/p-lunes-1.jpg"}],"twitter_card":"summary_large_image","twitter_misc":{"Tiempo de lectura":"3 minutos"},"schema":{"@context":"https:\/\/schema.org","@graph":[{"@type":"WebPage","@id":"https:\/\/nver.clinicaegurrola.com.mx\/index.php\/promociones\/","url":"https:\/\/nver.clinicaegurrola.com.mx\/index.php\/promociones\/","name":"Promociones - EGURROLA Cl\u00ednica Cosmetol\u00f3gica","isPartOf":{"@id":"https:\/\/nver.clinicaegurrola.com.mx\/#website"},"datePublished":"2023-07-05T19:38:42+00:00","dateModified":"2025-05-05T21:01:08+00:00","breadcrumb":{"@id":"https:\/\/nver.clinicaegurrola.com.mx\/index.php\/promociones\/#breadcrumb"},"inLanguage":"es","potentialAction":[{"@type":"ReadAction","target":["https:\/\/nver.clinicaegurrola.com.mx\/index.php\/promociones\/"]}]},{"@type":"BreadcrumbList","@id":"https:\/\/nver.clinicaegurrola.com.mx\/index.php\/promociones\/#breadcrumb","itemListElement":[{"@type":"ListItem","position":1,"name":"Portada","item":"https:\/\/nver.clinicaegurrola.com.mx\/"},{"@type":"ListItem","position":2,"name":"Promociones"}]},{"@type":"WebSite","@id":"https:\/\/nver.clinicaegurrola.com.mx\/#website","url":"https:\/\/nver.clinicaegurrola.com.mx\/","name":"EGURROLA Cl\u00ednica Cosmetol\u00f3gica","description":"","publisher":{"@id":"https:\/\/nver.clinicaegurrola.com.mx\/#organization"},"potentialAction":[{"@type":"SearchAction","target":{"@type":"EntryPoint","urlTemplate":"https:\/\/nver.clinicaegurrola.com.mx\/?s={search_term_string}"},"query-input":"required name=search_term_string"}],"inLanguage":"es"},{"@type":"Organization","@id":"https:\/\/nver.clinicaegurrola.com.mx\/#organization","name":"EGURROLA Cl\u00ednica Cosmetol\u00f3gica","url":"https:\/\/nver.clinicaegurrola.com.mx\/","logo":{"@type":"ImageObject","inLanguage":"es","@id":"https:\/\/nver.clinicaegurrola.com.mx\/#\/schema\/logo\/image\/","url":"https:\/\/nver.clinicaegurrola.com.mx\/wp-content\/uploads\/2023\/11\/qr-egurrola.jpg","contentUrl":"https:\/\/nver.clinicaegurrola.com.mx\/wp-content\/uploads\/2023\/11\/qr-egurrola.jpg","width":450,"height":450,"caption":"EGURROLA Cl\u00ednica Cosmetol\u00f3gica"},"image":{"@id":"https:\/\/nver.clinicaegurrola.com.mx\/#\/schema\/logo\/image\/"}}]}},"_links":{"self":[{"href":"https:\/\/nver.clinicaegurrola.com.mx\/index.php\/wp-json\/wp\/v2\/pages\/167","targetHints":{"allow":["GET"]}}],"collection":[{"href":"https:\/\/nver.clinicaegurrola.com.mx\/index.php\/wp-json\/wp\/v2\/pages"}],"about":[{"href":"https:\/\/nver.clinicaegurrola.com.mx\/index.php\/wp-json\/wp\/v2\/types\/page"}],"author":[{"embeddable":true,"href":"https:\/\/nver.clinicaegurrola.com.mx\/index.php\/wp-json\/wp\/v2\/users\/1"}],"replies":[{"embeddable":true,"href":"https:\/\/nver.clinicaegurrola.com.mx\/index.php\/wp-json\/wp\/v2\/comments?post=167"}],"version-history":[{"count":42,"href":"https:\/\/nver.clinicaegurrola.com.mx\/index.php\/wp-json\/wp\/v2\/pages\/167\/revisions"}],"predecessor-version":[{"id":3083,"href":"https:\/\/nver.clinicaegurrola.com.mx\/index.php\/wp-json\/wp\/v2\/pages\/167\/revisions\/3083"}],"wp:attachment":[{"href":"https:\/\/nver.clinicaegurrola.com.mx\/index.php\/wp-json\/wp\/v2\/media?parent=167"}],"curies":[{"name":"wp","href":"https:\/\/api.w.org\/{rel}","templated":true}]}}